culate the greatest common factor of 77 and 120043.
77
What is the highest common factor of 998 and 419659?
499
Calculate the highest common factor of 5394 and 4728740.
1798
Calculate the highest common divisor of 1624 and 19208.
56
What is the highest common factor of 1120 and 3020?
20
What is the greatest common factor of 1247910 and 60?
30
Calculate the highest common divisor of 44486 and 1682.
58
What is the greatest common factor of 29653 and 52?
13
What is the highest common divisor of 47753 and 119?
17
Calculate the greatest common factor of 118030 and 1480.
370
Calculate the highest common divisor of 30666 and 1482.
114
Calculate the highest common factor of 14150 and 7358.
566
What is the greatest common factor of 230 and 62376?
46
Calculate the greatest common divisor of 4477 and 9680.
121
Calculate the greatest common divisor of 51 and 10599.
3
What is the greatest common factor of 1398 and 474?
6
Calculate the highest common factor of 5954 and 40991.
229
Calculate the highest common factor of 2286 and 72.
18
Calculate the greatest common divisor of 147174 and 456.
114
What is the highest common factor of 46840 and 20?
20
What is the greatest common divisor of 1227 and 5001?
3
What is the highest common factor of 745 and 40?
5
Calculate the highest common divisor of 258 and 389838.
258
Calculate the greatest common factor of 188 and 545012.
188
What is the highest common factor of 2184 and 9632?
56
Calculate the greatest common factor of 36 and 914238.
18
What is the highest common divisor of 116283 and 249?
249
Calculate the highest common factor of 185115 and 9331.
301
What is the highest common factor of 13485 and 1860?
465
What is the highest common factor of 740 and 2920?
20
Calculate the highest common factor of 448 and 12608.
64
Calculate the greatest common factor of 172557 and 498.
249
Calculate the highest common divisor of 1628 and 4987378.
814
What is the greatest common factor of 1412 and 9349558?
706
What is the greatest common factor of 100152 and 27?
9
Calculate the greatest common divisor of 3366 and 759.
33
What is the greatest common divisor of 93612 and 12?
12
Calculate the greatest common divisor of 4 and 30050.
2
What is the greatest common factor of 317 and 249796?
317
What is the highest common divisor of 224 and 350000?
112
Calculate the highest common factor of 14337 and 35223.
177
Calculate the greatest common divisor of 1335 and 1095.
15
Calculate the greatest common divisor of 87 and 1927775.
29
Calculate the highest common factor of 3956 and 404.
4
Calculate the highest common factor of 1395 and 26820.
45
What is the highest common factor of 3 and 7716234?
3
What is the highest common factor of 679668 and 24?
12
What is the highest common divisor of 6042470 and 148?
74
What is the greatest common factor of 5998870 and 190?
190
Calculate the greatest common divisor of 196 and 177772.
196
What is the highest common factor of 2472 and 188696?
824
Calculate the highest common factor of 485044 and 7.
7
Calculate the greatest common divisor of 596 and 3250882.
298
Calculate the highest common factor of 10 and 369980.
10
What is the highest common factor of 1526 and 172002?
218
Calculate the greatest common factor of 731678 and 2.
2
What is the highest common divisor of 9 and 124569?
9
Calculate the highest common divisor of 3009085 and 85.
85
Calculate the highest common divisor of 552330 and 20.
10
Calculate the greatest common divisor of 282 and 23124.
282
Calculate the highest common divisor of 644725 and 9225.
1025
What is the greatest common factor of 3724 and 9956?
76
What is the greatest common factor of 13573 and 196?
49
Calculate the highest common factor of 250 and 1255750.
250
Calculate the highest common factor of 46 and 2359018.
46
Calculate the greatest common divisor of 1935 and 91035.
45
What is the greatest common divisor of 1177 and 1008689?
1177
Calculate the highest common divisor of 204 and 2142306.
102
Calculate the greatest common factor of 345 and 411815.
115
Calculate the highest common divisor of 191 and 84613.
191
Calculate the greatest common factor of 38 and 229577.
19
Calculate the highest common divisor of 3408780 and 10.
10
What is the greatest common divisor of 2106 and 26?
26
Calculate the greatest common factor of 14528 and 86.
2
Calculate the greatest common divisor of 3438 and 1152.
18
What is the greatest common factor of 1397651 and 354?
59
What is the greatest common factor of 2145 and 16665?
165
Calculate the greatest common factor of 384 and 169088.
128
What is the greatest common divisor of 5389 and 1071?
17
What is the greatest common factor of 318 and 57664?
106
Calculate the highest common factor of 2304 and 34656.
96
What is the greatest common divisor of 14844 and 636?
12
Calculate the highest common factor of 60956 and 4976.
1244
Calculate the highest common divisor of 7 and 19957.
7
Calculate the highest common divisor of 93 and 33.
3
What is the highest common factor of 20 and 100462?
2
Calculate the greatest common factor of 197307 and 99.
99
Calculate the highest common factor of 1088689 and 12110.
1211
Calculate the highest common factor of 994796 and 22.
22
What is the greatest common factor of 8181 and 18873?
81
Calculate the highest common divisor of 1651 and 1143.
127
What is the greatest common divisor of 8 and 802982?
2
What is the highest common divisor of 743 and 1895?
1
Calculate the greatest common divisor of 18271 and 726.
121
Calculate the highest common divisor of 16842 and 9093.
21
What is the greatest common factor of 79711 and 316?
79
What is the highest common factor of 1617 and 441147?
147
Calculate the highest common divisor of 18324 and 27.
9
What is the highest common factor of 110 and 1587685?
55
What is the highest common factor of 81 and 44199?
27
Calculate the greatest common divisor of 1067 and 28324.
97
What is the highest common factor of 510 and 21250?
170
Calculate the greatest common factor of 10327 and 53061.
23
What is the highest common factor of 22272 and 1?
1
What is the highest common factor of 70 and 910?
70
What is the highest common factor of 78 and 236795?
13
What is the highest common factor of 54918 and 729?
243
Calculate the greatest common divisor of 20 and 522820.
20
What is the highest common divisor of 6603 and 2976?
93
Calculate the greatest common divisor of 207117 and 81.
81
What is the greatest common factor of 192 and 1651512?
24
Calculate the greatest common factor of 2892 and 1209.
3
Calculate the highest common divisor of 1502 and 8680809.
751
Calculate the highest common divisor of 63252 and 1092.
84
Calculate the greatest common factor of 49243 and 69.
23
Calculate the highest common divisor of 98624 and 1184.
32
Calculate the greatest common factor of 7828 and 950.
38
What is the highest common divisor of 81743 and 344?
43
What is the greatest common divisor of 36 and 723660?
12
What is the greatest common divisor of 23237 and 1216?
19
What is the highest common factor of 1952 and 40687?
61
What is the greatest common divisor of 29495 and 340?
85
What is the highest common divisor of 86 and 112015?
43
Calculate the highest common divisor of 211 and 109509.
211
What is the highest common factor of 105 and 14511?
21
Calculate the highest common factor of 6 and 3259.
1
Calculate the highest common factor of 1632 and 2208.
96
What is the highest common factor of 2421 and 792474?
807
Calculate the greatest common factor of 32 and 361.
1
Calculate the greatest common divisor of 36542 and 539.
11
What is the greatest common divisor of 386298 and 3960?
198
Calculate the greatest common divisor of 2121 and 147561.
303
What is the highest common divisor of 11663 and 856?
107
Calculate the greatest common divisor of 42212 and 5882.
346
Calculate the highest common divisor of 14929 and 5.
1
Calculate the highest common divisor of 30550 and 1725.
25
What is the greatest common factor of 565159 and 14?
7
What is the highest common factor of 77 and 134911?
7
Calculate the greatest common factor of 626 and 1002539.
313
Calculate the highest common divisor of 9672400 and 120.
40
Calculate the greatest common divisor of 1850300 and 100.
100
Calculate the highest common divisor of 13520 and 13858.
338
What is th